(n) = -n**3 - 62*n**2 + 263*n - 66. Give c(-66).
0
Let q(k) = -k**3 - 2*k**2 + k - 3. What is q(-3)?
3
Let m(u) = -2*u**3 + 4*u**2 + 3*u + 12. Give m(4).
-40
Let k(p) = -103*p + 713. What is k(7)?
-8
Let s(i) = -7*i. Give s(2).
-14
Let l(o) = o**2 - 9*o + 12. Give l(9).
12
Let g(j) = -j**2 - 9*j - 12. Give g(-7).
2
Let k(x) = -56*x**3 - 2*x**2 + 5*x - 3. Give k(1).
-56
Let z(p) = -p**3 + 7*p**2 - 6*p + 8. Give z(5).
28
Let h(m) = 2*m**3 - 6*m**2 + 9*m - 78. Determine h(4).
-10
Let r(h) = -14*h - 351. Give r(-25).
-1
Let j(o) = o**3 + 5*o**2 - 15*o - 8. What is j(-7)?
-1
Let p(a) = a**3 - 5*a**2 + 3*a - 16. What is p(5)?
-1
Let y(v) = 3*v**2 + 24*v - 6. Calculate y(-8).
-6
Let j(n) = n**2 + 10*n - 5. Determine j(-8).
-21
Let y(n) = -n**2 - 19*n + 39. Give y(-21).
-3
Let z(x) = -x - 11. Give z(8).
-19
Let i(h) = -2*h**2 - 7*h + 19. Give i(-5).
4
Let h(j) = j**2 - j + 2. Determine h(2).
4
Let h(p) = -4*p**2 + 33*p + 18. Give h(9).
-9
Let o(l) = -l - 2. Determine o(5).
-7
Let k(o) = 31*o**3. Calculate k(1).
31
Let l(i) = i**3 - 7*i**2 + 5*i - 35. Determine l(7).
0
Let d(k) = -k**3 - 9*k**2 + 3*k + 21. Calculate d(-9).
-6
Let y(n) = -n**2 + 12*n - 5. What is y(11)?
6
Let j(l) = -4*l + 8. Calculate j(3).
-4
Let t(u) = -u - 68. Give t(5).
-73
Let l(k) = k**3 + 7*k**2 - 16*k - 32. Give l(-9).
-50
Let w(j) = -j**2 - 9*j - 26. Determine w(-6).
-8
Let h(o) = o**3 + 8*o**2 - 7*o + 13. Give h(-9).
-5
Let t(r) = 9*r**3 + r**2 - r + 1. Determine t(1).
10
Let t(a) = -5*a + 16. Calculate t(4).
-4
Let x(s) = -s**3 + 9*s**2 + 9*s - 6. What is x(10)?
-16
Let t(w) = -w**3 + 10*w**2 + 11*w - 5. Determine t(11).
-5
Let w(x) = -x**3 + 8*x**2 + 22*x - 27. Determine w(10).
-7
Let j(q) = -4*q + 14. Determine j(12).
-34
Let u(q) = -q**3 - 8*q**2 - 16*q - 62. Calculate u(-7).
1
Let v(p) = p**3 + 8*p**2 - 2*p + 3. What is v(-8)?
19
Let w(d) = 5*d + 2. Give w(0).
2
Let x(d) = 4*d + 9. Determine x(-8).
-23
Let d(q) = -q**3 + 6*q**2 - 3*q - 12. Determine d(5).
-2
Let l(w) = 5*w + 66. Determine l(-11).
11
Let y(m) = -m**2 + 3*m + 4. Give y(10).
-66
Let s(k) = -15*k - 1. Calculate s(1).
-16
Let i(w) = 6*w + 1. Determine i(9).
55
Let s(z) = -z**2 - 2*z + 3. Give s(-4).
-5
Let k(x) = -x**2 + 7*x + 5. What is k(6)?
11
Let u(w) = -w**3 + 5*w**2 + 2*w - 10. Calculate u(5).
0
Let y(f) = -2*f**2 + 8*f - 11. Give y(8).
-75
Let q(p) = -p**2 - 17*p - 36. Determine q(-17).
-36
Let j(v) = v**2 - 8*v + 4. Calculate j(6).
-8
Let f(r) = -2*r**2 + 6. What is f(-5)?
-44
Let u(h) = h**2 + 15*h + 1. Calculate u(-7).
-55
Let a(w) = 5*w**2 - 5*w + 3. Calculate a(-3).
63
Let g(d) = -d**2 + 14*d - 8. Give g(13).
5
Let t(i) = -i**2 + 14*i - 25. Determine t(4).
15
Let s(h) = 101*h - 410. Calculate s(4).
-6
Let g(j) = -4*j + 58. What is g(-11)?
102
Let i(y) = y**3 - 25*y**2 - 24*y - 23. Calculate i(26).
29
Let y(s) = -13*s - 7. Determine y(-4).
45
Let j(v) = -v**3 + 6*v**2 + 6*v + 8. What is j(7)?
1
Let r(d) = 6*d**2 - 8*d - 5. What is r(-5)?
185
Let t(v) = -v**2 + 5*v + 35. Calculate t(9).
-1
Let r(c) = -c + 15. Calculate r(21).
-6
Let u(y) = -y**2 + 2*y + 3. Determine u(4).
-5
Let y(j) = j**3 - j**2 + 2*j - 3. What is y(2)?
5
Let t(m) = -13*m**3 - 2*m**2 - m + 1. Calculate t(1).
-15
Let s(m) = -11*m - 53. Determine s(-7).
24
Let b(y) = -4*y**2 + 11*y - 11. Give b(2).
-5
Let n(x) = -2*x**2 - 79*x + 208. Calculate n(-42).
-2
Let d(b) = 4*b - 1. Determine d(-6).
-25
Let q(w) = -6*w**2 + 1. Give q(1).
-5
Let x(o) = 11*o - 3. Determine x(2).
19
Let l(y) = y**3 + 21*y**2 + 2*y + 42. Calculate l(-21).
0
Let n(o) = 11*o - 451. Determine n(41).
0
Let s(g) = -g**2 + 47*g + 23. Give s(49).
-75
Let z(g) = -g - 3. Calculate z(7).
-10
Let b(l) = -2*l + 31. Determine b(7).
17
Let j(m) = 5*m + 9. Give j(-7).
-26
Let n(u) = u - 5. Determine n(-5).
-10
Let c(a) = 5*a - 63. Calculate c(12).
-3
Let q(s) = -57*s + 118. Calculate q(2).
4
Let i(t) = 8*t - 57. Give i(4).
-25
Let s(a) = -9*a + 5. Give s(-4).
41
Let t(y) = -y**3 - y**2 - y + 7. Give t(0).
7
Let j(w) = 8*w + 3. Give j(-1).
-5
Let r(t) = t**2 - t - 25. Calculate r(0).
-25
Let r(n) = 25*n + 123. Give r(-5).
-2
Let t(f) = -6*f + 13. Give t(3).
-5
Let u(x) = x**3 - 13*x**2 - 16*x - 7. Calculate u(14).
-35
Let w(k) = 2*k**3 - 2*k**2 - 9*k + 5. Calculate w(3).
14
Let m(h) = -19*h - 149. Determine m(-8).
3
Let a(q) = -2*q**3 - 3*q**2 + 4*q - 2. Calculate a(2).
-22
Let f(w) = 2*w**3 - 3*w**2 + 4*w + 1. What is f(3)?
40
Let t(o) = -o**3 + 13*o**2 + 13*o + 22. What is t(14)?
8
Let l(p) = p**2 - 6*p - 5. What is l(5)?
-10
Let i(s) = -s**3 - 6*s**2 - 5*s - 4. Give i(-6).
26
Let s(o) = -o - 24. Determine s(-33).
9
Let h(g) = -g**2 + 5*g - 1. Determine h(2).
5
Let n(m) = -m - 2. Determine n(7).
-9
Let x(u) = 81*u - 14. What is x(0)?
-14
Let h(r) = 4*r + 5. Calculate h(2).
13
Let m(c) = c**3 + 4*c**2 - c. What is m(-3)?
12
Let p(b) = -b**2 + b + 31. Give p(6).
1
Let u(m) = m**2 + 19*m - 87. Determine u(-23).
5
Let j(x) = x**2 - 9*x - 6. What is j(9)?
-6
Let u(d) = 3*d + 53. What is u(-17)?
2
Let c(d) = -2*d + 24. What is c(-22)?
68
Let p(z) = -13*z**2 - 4*z + 1. What is p(1)?
-16
Let l(h) = -2*h**2 + 37*h + 13. Calculate l(19).
-6
Let f(k) = 5*k - 14. Give f(4).
6
Let r(b) = -4*b**3 - 18*b**2 + 7*b - 4. What is r(-5)?
11
Let k(j) = -j + 26. What is k(0)?
26
Let n(l) = l**3 + 7*l**2 + 12*l + 1. What is n(-5)?
-9
Let d(x) = x**3 - 16*x**2 - 21*x + 73. Give d(17).
5
Let w(c) = 5*c - 45. What is w(9)?
0
Let q(z) = -z + 28. Calculate q(13).
15
Let z(n) = 2*n**3 - 7*n**2 + 4*n - 1. What is z(3)?
2
Let i(s) = -17*s + 71. Calculate i(4).
3
Let m(v) = -v**3 + 3*v**2 + 2*v - 2. What is m(3)?
4
Let d(f) = -7*f - 95. Determine d(0).
-95
Let c(l) = -l**2 + 7*l + 6. Give c(7).
6
Let j(p) = p**2 - 6*p + 15. What is j(5)?
10
Let t(a) = 25*a**3 - a**2 - a + 1. What is t(1)?
24
Let y(b) = -b**2 + 8*b + 49. Give y(12).
1
Let s(t) = -6*t - 3. Determine s(2).
-15
Let r(m) = m**3 + 11*m**2 + 30*m + 5. What is r(-6)?
5
Let w(b) = b**3 + 11*b**2 - 8*b + 19. What is w(-12)?
-29
Let u(h) = -15*h**3 - 2*h**2 + 4*h - 3. Give u(2).
-123
Let w(x) = -x**2 + 3*x + 7. Give w(6).
-11
Let a(c) = c**2 - 18*c + 73. Calculate a(6).
1
Let m(s) = -s**3 - 5*s**2 + 2*s + 10. Give m(-3).
-14
Let f(h) = -h**3 + 6*h**2 + h - 8. Give f(6).
-2
Let j(h) = 48*h**2 + 1. What is j(1)?
49
Let b(p) = -2*p + 25. Give b(9).
7
Let l(c) = -c**2 + 2*c - 4. Give l(4).
-12
Let k(f) = f**3 - 10*f**2 - f + 13. What is k(9)?
-77
Let p(t) = -3*t**2 + 79*t + 141. Give p(28).
1
Let g(n) = -61*n - 12. Calculate g(-1).
49
Let v(z) = -38*z - 577. Give v(-15).
-7
Let d(v) = -5*v - 50. Give d(-12).
10
Let o(r) = r**2 - 3*r - 65. Determine o(-7).
5
Let h(o) = -o**2 - 36*o - 277. Determine h(-24).
11
Let s(y) = 2*y**2 + 7*y + 3. Calculate s(-5).
18
Let r(v) = v**2 - 2*v - 3. Give r(3).
0
Let d(r) = -2*r**3 - 21*r**2 - 12*r + 11. Give d(-10).
31
Let n(w) = -w**2 + 8*w - 33. What is n(8)?
-33
Let c(v) = -v**2 + v + 2. What is c(2)?
0
Let l(u) = u**2 + 2*u + 8. What is l(-4)?
16
Let d(r) = -28*r - 1. Determine d(-1).
27
Let t(u) = -u**3 + 7*u**2 - 16. Determine t(7).
-16
Let n(t) = -t**2 + 27*t - 125. Give n(22).
-15
Let t(v) = -v**3 + 14*v**2 - 36*v + 14. What is t(11)?
-19
Let a(k) = 4*k + 3. What is a(3)?
15
Let u(q) = -q**2 + 6. What is u(-5)?
-19
Let i(g) = -g**3 + 7*g**2 + 15*g - 21. Determine i(9).
-48
Let g(z) = -3*z. What is g(-2)?
6
Let l(g) = -8*g + 196. Give l(25).
-4
Let x(b) = -b**2 + 5*b + 2. Determine x(5).
2
Let q(v) = v**2 + 5*v + 11. Determine q(-5).
11
Let b(a) = -2*a - 9. What is b(8)?
-25
Let z(o) = 2*o**3 + o**2 + 2*o - 9. Calculate z(0).
-9
Let o(s) = 17*s + 104. Give o(-6).
2
Let v(d) = -2*d**3 - 14*d**2 - 4*d - 15. What is v(-7)?
13
Let z(h) = h**2 + 12*h + 11. Calculate z(-12).
11
Let f(v) = v**3 - 15*v**2 + 18*v - 1. What is f(14)?
55
Let i(v) = 3*v**2 + 6*v + 14. Calculate i(-5).
59
Let s(y) = y**3 - 3*y**2 - 4*y - 3. Give s(4).
-3
Let a(u) = 3*u**2 + 30*u + 20. What is a(-9)?
-7
Let u(l) = l**3 + 4*l**2 - 13*l - 22. What is u(-5)?
18
Let i(r) = -5*r - 78. Determine i(-19).
17
Let i(b) = b**3 - 18*b**2 - 39*b - 21. Calculate i(20).
-1
Let q(m) = m**2 + 7*m - 12. Calculate q(-8).
-4
Let a(k) = -k**2 + 7*k - 2. Determine a(5).
8
Let r(m) = 2*m**2 - m - 3. Determine r(3).
12
Let l(r) = -r**2 - 14. Calculate l(6).
-50
Le